the greatest common divisor of 20 and 145007300?
20
Calculate the highest common factor of 116056450 and 75.
25
What is the greatest common divisor of 20233117 and 999?
37
Calculate the greatest common factor of 7946302 and 364.
182
Calculate the highest common factor of 83951853 and 444.
111
Calculate the greatest common divisor of 2723 and 354098920.
2723
What is the highest common factor of 11657607 and 32520?
813
Calculate the highest common factor of 269 and 1770.
1
Calculate the greatest common factor of 44 and 2390848.
4
Calculate the highest common divisor of 369149186 and 329.
329
Calculate the highest common divisor of 9233 and 131707426.
1319
Calculate the greatest common divisor of 132 and 5376564.
12
What is the greatest common divisor of 344 and 1098994?
86
What is the greatest common factor of 1557 and 28881?
9
What is the greatest common factor of 63592945 and 2421?
269
Calculate the highest common factor of 15292 and 83131135.
3823
What is the greatest common divisor of 441 and 43892289?
441
Calculate the highest common divisor of 63602 and 1500488.
1298
What is the highest common divisor of 11730352 and 1392?
16
Calculate the highest common divisor of 57210982 and 46.
46
Calculate the highest common divisor of 28353035 and 650005.
9155
Calculate the highest common divisor of 14630 and 44830.
10
What is the highest common factor of 7617547 and 12019?
119
Calculate the greatest common factor of 606 and 75532042.
202
What is the highest common divisor of 4825 and 4979000?
25
What is the greatest common divisor of 74409220 and 1480?
740
Calculate the highest common divisor of 262 and 127566359.
131
Calculate the greatest common divisor of 14 and 59383751.
7
What is the highest common factor of 27164058 and 19803?
2829
Calculate the highest common divisor of 60366315 and 30.
15
Calculate the highest common factor of 112733 and 4166840.
1427
What is the greatest common divisor of 481 and 302970837?
481
What is the highest common divisor of 1496 and 1574200?
136
What is the highest common factor of 3589698525 and 15?
15
What is the highest common factor of 130893 and 7228383?
813
What is the greatest common factor of 76 and 11905286?
38
What is the greatest common factor of 15548950 and 267650?
5050
What is the greatest common divisor of 91907 and 20513?
73
What is the greatest common factor of 348983 and 27?
1
Calculate the highest common factor of 531206 and 1053.
13
Calculate the highest common factor of 73428 and 18444.
348
What is the greatest common factor of 316 and 49026294?
158
What is the highest common divisor of 2240523 and 8823?
519
Calculate the greatest common factor of 266 and 1386493213.
133
What is the highest common divisor of 74945863 and 542?
271
What is the highest common divisor of 78121667 and 104?
13
Calculate the highest common factor of 2656544 and 2321.
11
Calculate the highest common factor of 44 and 151128307.
11
Calculate the highest common factor of 1408 and 572374.
22
Calculate the highest common divisor of 241960 and 40580.
20
What is the highest common divisor of 10610567 and 39491?
391
What is the greatest common divisor of 41 and 59819656?
41
Calculate the greatest common factor of 63255168 and 480.
96
What is the greatest common divisor of 105112 and 26720972?
7508
Calculate the greatest common divisor of 153974899 and 221.
221
Calculate the greatest common factor of 637007 and 525099.
101
Calculate the highest common factor of 32173802 and 22914.
2546
What is the greatest common divisor of 22 and 4274743?
11
Calculate the highest common factor of 50109521 and 5432.
679
Calculate the greatest common divisor of 25824 and 6685995.
807
What is the greatest common factor of 1180872 and 407?
11
Calculate the greatest common divisor of 871952 and 36944.
16
Calculate the highest common divisor of 700 and 78176.
28
What is the highest common divisor of 76860 and 49524?
12
Calculate the highest common factor of 4964 and 1608774.
146
Calculate the greatest common divisor of 370411 and 17.
1
What is the highest common divisor of 12190 and 58955716?
2438
Calculate the greatest common divisor of 931 and 1482057.
19
Calculate the highest common divisor of 4767925 and 55.
5
Calculate the greatest common factor of 202825990 and 5240.
1310
What is the highest common divisor of 9 and 8506341?
9
What is the greatest common divisor of 7 and 926781331?
7
What is the greatest common factor of 74503 and 2938?
13
Calculate the highest common factor of 33948 and 38007.
369
What is the highest common divisor of 15544 and 147184?
8
Calculate the highest common factor of 253 and 37274467.
23
Calculate the highest common factor of 18400 and 70960.
80
Calculate the highest common divisor of 674 and 19946356.
674
Calculate the highest common divisor of 26949 and 15171.
39
What is the greatest common divisor of 5160 and 2974920?
120
Calculate the highest common factor of 1108650 and 648463.
389
Calculate the highest common divisor of 61703503 and 4582.
2291
What is the highest common factor of 5194 and 157827481?
2597
Calculate the highest common factor of 989510 and 5830.
530
What is the greatest common factor of 36223107 and 3315?
51
Calculate the greatest common divisor of 1309366690 and 68.
34
What is the greatest common divisor of 78183729 and 19002?
9501
What is the highest common factor of 133622 and 660158?
142
What is the highest common factor of 2145 and 24990240?
165
What is the greatest common factor of 53600508 and 297?
27
Calculate the greatest common divisor of 24 and 11044452.
12
What is the greatest common factor of 12556 and 17104192?
292
Calculate the greatest common factor of 5588581 and 43.
43
Calculate the highest common divisor of 176 and 669988.
44
What is the greatest common factor of 139733503 and 6811?
973
Calculate the highest common factor of 915216 and 166704.
1104
Calculate the greatest common divisor of 63175 and 4414669.
2527
Calculate the greatest common factor of 18650 and 7970264.
746
What is the highest common factor of 31914 and 11142?
18
What is the greatest common divisor of 946830922 and 9458?
9458
What is the greatest common divisor of 248 and 105000162?
62
What is the greatest common factor of 1069309 and 10288?
643
What is the highest common divisor of 70323 and 513571?
2131
Calculate the greatest common divisor of 1054217 and 43245.
961
What is the greatest common factor of 20986075 and 34?
17
Calculate the greatest common factor of 39962069 and 1085.
217
What is the greatest common divisor of 66537315 and 14040?
1755
What is the greatest common factor of 3430 and 15799266?
686
What is the highest common factor of 47052890 and 1390?
1390
Calculate the highest common factor of 1990 and 32159395.
995
Calculate the highest common factor of 324283394 and 5336.
1334
What is the highest common factor of 41358 and 50752?
122
Calculate the greatest common factor of 131379585 and 285.
285
What is the highest common factor of 45439280 and 560?
80
Calculate the greatest common divisor of 24 and 1121760780.
12
Calculate the highest common divisor of 1814244 and 1860.
372
Calculate the greatest common factor of 696 and 83961496.
232
What is the highest common divisor of 5439 and 11912187?
777
Calculate the greatest common factor of 440352285 and 5.
5
What is the greatest common divisor of 6605156 and 1595?
29
Calculate the greatest common divisor of 30 and 185002290.
30
What is the greatest common divisor of 486 and 33957018?
18
Calculate the greatest common divisor of 10261 and 212629.
31
Calculate the highest common factor of 11032 and 570512.
1576
What is the greatest common divisor of 17694945 and 20325?
4065
What is the highest common divisor of 102774 and 7?
7
Calculate the highest common divisor of 9702 and 560736.
198
What is the highest common factor of 34906795 and 33?
11
What is the greatest common divisor of 27 and 362100105?
27
Calculate the highest common factor of 1661473730 and 70.
70
Calculate the greatest common divisor of 9996 and 14977.
17
What is the highest common divisor of 154614 and 9198?
438
Calculate the greatest common factor of 634136 and 184.
8
Calculate the highest common factor of 2393530 and 390.
10
What is the highest common divisor of 179363283 and 297?
33